hat is the greatest common divisor of r and 1?
1
Let g(f) = -9*f + 29. Let b be g(3). Calculate the greatest common factor of 118 and b.
2
Suppose 5*k + 10 = 0, 0 = 5*w - 3*w + 3*k - 2. Let m(h) = -h**2 - 15*h + 32. Let x be m(-15). Calculate the greatest common divisor of x and w.
4
Suppose 3*t - 121 = 4*u, 7*u = 2*t + 2*u - 90. Suppose -2*q + 7*q = -4*c + 31, 3*q + 4*c - 17 = 0. Calculate the greatest common factor of q and t.
7
Let n(t) = -43*t - 8. Let k be n(-10). Suppose 0 = 8*q - 6*q - k. Suppose 3*i + 4*o = q, 2*i + 2*o = 3*i - 87. What is the greatest common factor of i and 7?
7
Let y = 17 - 14. Suppose 6 = -y*h + 96. Suppose t - 18 = -m + 4*t, -3*m + t = -h. Calculate the greatest common factor of m and 54.
9
Let k(c) = c**2 - 2*c - 3. Let p be k(-7). Let s be 1*(0 - -2 - -14). Let a = s - 1. Calculate the greatest common divisor of a and p.
15
Suppose 4*z - 4*a + 1 = -7, 0 = -4*z - 4*a. Let l = z - -13. What is the greatest common divisor of 12 and l?
12
Suppose -2*p + 0 = 40. Let t be 36/15 - (-8)/p. Suppose -24 = -0*h - t*h. Calculate the highest common factor of h and 132.
12
Let p(f) = 5*f**2 + 2*f - 1. Let d be p(-2). Suppose 3*r - 39 = 3*j, 4*j = -4*r + d + 77. Let c = 217 + -127. What is the greatest common factor of c and r?
18
Let y(o) = o - 3. Let h be y(7). Suppose -j - h*j + 45 = 0. Suppose 2*n = -l + 49, 3*l = -0*l - j. What is the greatest common divisor of 39 and n?
13
Suppose -3*x + 112 = -5*a + 45, 0 = 5*x + 6*a - 126. Calculate the greatest common divisor of x and 3.
3
Let v(u) = -5*u**2 + 32*u - 27. Let i be v(4). What is the greatest common divisor of 952 and i?
7
Let z = 16 + -14. Suppose y - 6 = v, -4*v - 20 + 8 = z*y. Let n be (4/(-16))/(1/v). Calculate the greatest common factor of n and 7.
1
Let g = 686 - 417. Let x = g - 137. Calculate the greatest common factor of 12 and x.
12
Let v(r) = r + 3. Let n be v(0). Suppose 279 = 3*g + n*k, -3*g + 435 = 2*g - 5*k. Calculate the highest common divisor of g and 10.
10
Let v = -65 - -106. Let m = 381 + 70. What is the greatest common divisor of v and m?
41
Let s = 19 + -64. Let o = 105 + s. Calculate the greatest common factor of 15 and o.
15
Let o = 4 + -2. Suppose -z + 1 = -o. Let m be (-1)/(z/(-114)*2). What is the greatest common divisor of m and 19?
19
Let c = -593 + 718. What is the greatest common divisor of 25 and c?
25
Suppose 0 = -3*p + i + 1045, 10 = 3*i - i. What is the greatest common divisor of 140 and p?
70
Let y be (-6*3/(-18))/(2/272). Suppose -11*c = 37 - y. Calculate the greatest common divisor of 90 and c.
9
Let b be 5/3 + -2 - 155/3. Let l = 52 - b. Calculate the highest common divisor of 13 and l.
13
Suppose -3*m = -2*o - 65 + 20, 3*m - 5*o = 36. Let g = -11 + m. What is the highest common divisor of 6 and g?
6
Let l = -382 - -410. Calculate the highest common factor of l and 12.
4
Suppose r + 3 = 6. Suppose -2*o + 157 = -35. Suppose 0*m + o = r*m. What is the highest common divisor of m and 4?
4
Suppose 101 - 299 = -6*f. Let l be 1998/12 - 6/4. Calculate the highest common factor of l and f.
33
Suppose 3*l - 4 = 2*l. Let t(j) = j**3 - 21*j**2 - 16*j - 72. Let q be t(22). Suppose -24*a + q = -21*a. Calculate the greatest common divisor of l and a.
4
Suppose -7*k - 49 = -12*k + 3*m, -m - 53 = -5*k. Let a(c) = c**3 - 2*c**2 - c + 5. Let z be a(4). Calculate the greatest common factor of k and z.
11
Let b = 122 - 62. What is the greatest common divisor of 75 and b?
15
Let t(i) be the first derivative of 2*i**3 + i**2 + 2*i - 9. Let g be t(-1). Suppose g*j + 233 = 623. Calculate the highest common divisor of 13 and j.
13
Let f(x) = 154*x - 2. Let d be f(4). Suppose 6*k = d + 640. Suppose 2*t - t = 19. What is the greatest common divisor of t and k?
19
Suppose -5*f + 291 = 5*x - x, -3*f - 5*x + 185 = 0. Calculate the greatest common divisor of 253 and f.
11
Let k = 159 - 98. Let r = k - 51. What is the highest common divisor of r and 90?
10
Let o(d) = -2*d + 8 - 2*d - 3. Let z = 34 + -41. Let b be o(z). Calculate the highest common divisor of b and 11.
11
Suppose 5*l - 319 = -2*c, 282 = 3*c + 2*l - 180. Calculate the highest common divisor of c and 57.
19
Suppose 5*a = 3*u + 133, 3*a + 3*u - 11 = 88. What is the highest common factor of 2 and a?
1
Let h be 1*(-5)/(50/35)*-72. What is the greatest common divisor of 36 and h?
36
Suppose 0 = 3*z + 5*i - 10 + 25, i = z - 3. Suppose -5*t - g = -84, z*t - 4*g = -t. Let f = 6 - -18. What is the greatest common factor of f and t?
8
Let l(k) = -2*k**2 + 6*k + 118. Let u be l(-6). What is the greatest common factor of u and 1030?
10
Let p(h) = -h**2 - 6*h + 14. Let r be p(-7). Suppose 0 = -5*l - 2*l + r. Calculate the highest common divisor of 9 and l.
1
Let y = -561 + 597. What is the greatest common divisor of y and 16?
4
Let o = -3 + 15. Suppose -14 - 274 = -o*p. What is the highest common divisor of 120 and p?
24
Let h = 23 - 21. Suppose h*j + 6 = 0, -j + 0*j = 2*m - 1. Calculate the highest common divisor of m and 2.
2
Suppose 5*l = 4*s - 73, 5*l = -3*s + 12 - 1. Suppose 16*v - 80 = s*v. What is the highest common divisor of 40 and v?
20
Suppose 0 = 3*s - 2*g - 52, 2*s = -2*s + 4*g + 64. Let f = s + -11. Calculate the greatest common divisor of 36 and f.
9
Let i(s) = s**3 + s**2 + s + 1. Let b be i(0). Suppose b = -h - d, h - 4*h + 3*d + 15 = 0. What is the greatest common divisor of h and 18?
2
Let b = -131 + 200. Suppose -3*i = 15 - b. Calculate the greatest common divisor of i and 90.
18
Suppose 4*y + 5*f + 2 = 0, -y + 2 = -3*y - 3*f. Let w(x) = 3*x**3 - 5*x + 7. Let k be w(y). What is the greatest common factor of k and 21?
21
Let i = -40 - -44. Let a be 9 - (-4 + i)/(-1). What is the highest common factor of 9 and a?
9
Suppose 10 = 15*g - 14*g. Calculate the highest common factor of g and 65.
5
Let s = -1229 - -1425. What is the highest common factor of 49 and s?
49
Suppose 0 = g - 4*i - 321 - 3, i + 961 = 3*g. What is the greatest common divisor of g and 10?
10
Let o(h) = 3*h - 71. Let s be o(23). Let a(i) = -i**3 - 6. Let d be a(s). What is the greatest common factor of 54 and d?
2
Suppose 2*u - 723 = -5*z, 7*z - 3*u = 5*z + 274. What is the greatest common factor of 1859 and z?
143
Suppose -2*t - 52 = -4*s + 2*t, 2*t = -s + 10. Calculate the highest common divisor of 366 and s.
6
Suppose 274*t + 4560 = 298*t. What is the greatest common factor of 10 and t?
10
Let r(f) = -f**3 - 5*f**2 + f + 5. Let j be r(-5). Let d be (13 - j) + (4 - 2). Let n be 1/((-2)/(-6)) - 0. Calculate the highest common divisor of d and n.
3
Let n(r) = -r**3 - 4*r**2 - r + 12. Let g be n(-5). What is the highest common divisor of g and 6?
6
Let o(r) = -r**2 + 18*r + 62. Let j be o(20). Calculate the highest common divisor of 242 and j.
22
Let s(i) = -i**2 - 17*i + 22. Let z be s(-18). Suppose 2*x + 31 = -z*r - r, 2*r = -10. Let j be x/(4 + -10)*20. What is the highest common factor of j and 2?
2
Let z be (-9373)/(-104) - (-5)/(-40). What is the greatest common factor of 190 and z?
10
Suppose 16*i + 10318 = 30*i. Calculate the highest common factor of i and 22.
11
Let s(r) = -3*r + 95. Let w be s(-19). Calculate the highest common factor of 16 and w.
8
Suppose -m = -35 + 19. Suppose 3*k = -2*k + 560. Calculate the greatest common divisor of k and m.
16
Suppose -5*c + 26 + 34 = 0. Let z = 49 - 50. Let q be 0 + 2/z - (-20)/2. What is the greatest common divisor of q and c?
4
Suppose 35*q - 36 = 32*q. Let k(m) = m + 60. Let a be k(q). Suppose 0*w = 3*w - 54. Calculate the greatest common divisor of a and w.
18
Let s be 4/(-36) - 1778/(-126). What is the greatest common divisor of s and 2282?
14
Let b be -4 + 2 - -13 - 0. Let o = -11 + b. Suppose 4*p + 2*l - 37 + 5 = o, -2*p + 8 = -3*l. What is the greatest common divisor of p and 77?
7
Suppose 1196*j + 1848 = 1203*j. What is the highest common divisor of j and 40?
8
Suppose 35 = 2*h - 57. Let a be 26/(-91) - h/(-14). Calculate the greatest common divisor of a and 9.
3
Let l be ((-2)/(-7))/((-4)/(-84)). Let z be (-1)/(-4) + 764/16. Calculate the greatest common divisor of l and z.
6
Let r be (9/(-2))/(6/(-8)). Let l(f) = 2*f**2 - 4*f. Suppose 5*o = -4*n, o = 3*n + 5*o + 1. Let m be l(n). Calculate the highest common factor of m and r.
6
Let s be 1 - (-71)/(-3) - 65/(-39). 